(x) = -10*x + 124. Let q be w(11). List the prime factors of 1844/q - (-160)/(-224).
131
Suppose 532 + 128 = 44*h. What are the prime factors of (10/(-7))/(h/(-3885))?
2, 5, 37
List the prime factors of 76/(-8) + 9 + 27222/4.
5, 1361
Let w(o) = 5*o + 2. Let n = -107 + 121. List the prime factors of w(n).
2, 3
Suppose 7*d - 16*j - 63169 = -15*j, 0 = j - 6. What are the prime factors of d?
5, 19
Let o = -808 + 2906. List the prime factors of o.
2, 1049
Suppose 4*k = 2*u - 4240, 0*k - 4*u - 5313 = 5*k. Let b = -609 - k. What are the prime factors of b?
2, 113
Let i(a) = a**2 - 9*a + 12. Let b be i(7). Let p be 28/(-70)*115/b. Let o(y) = 8*y + 47. List the prime factors of o(p).
3, 7, 11
Suppose -9 = -j - 4. Suppose j*v + 3*o - 8 = -2, -5*o - 3 = 4*v. Suppose 0 + 21 = v*x. List the prime factors of x.
7
Let l(b) = 44*b**2 - 24*b - 129. What are the prime factors of l(-21)?
3, 19, 347
Let u = 92612 + -41088. What are the prime factors of u?
2, 11, 1171
List the prime factors of 5331*((-3)/(-9)*-21 + 10).
3, 1777
Let d(f) = -f**3 - 7*f + 6. Suppose w + 2*p - 1 + 3 = 0, -2*w - 2*p = 8. Let m be d(w). Suppose 18*y - 14*y = m. What are the prime factors of y?
2, 3, 11
Let n = 7449 - 2142. List the prime factors of n.
3, 29, 61
Let r = 79 - 36. Let c(d) = 13*d - r - 23*d - 11*d. What are the prime factors of c(-9)?
2, 73
Let q be (-7)/((-49)/822) - (-8)/14. Let a = -217 + 422. Let r = a - q. List the prime factors of r.
3, 29
List the prime factors of 354*273/9 - 11.
17, 631
Let d(i) = -i**2 - 12*i + 28. Let c be d(-14). Let z be (c + 3)/(9/12). Suppose p - 321 = -3*t, 3*p - 244 - 184 = -z*t. List the prime factors of t.
107
Suppose 4*z - 2183 = -3*f + 3765, -9900 = -5*f - 4*z. Suppose -5*g - f = -4*j - g, 4*j + 4*g = 1944. List the prime factors of j.
2, 5, 7
Suppose 0*c - 102 = -6*c. Let t(y) = 2*y**2 - y - 42. Let v be t(c). Suppose -4*u - 47 = -v. List the prime factors of u.
2, 59
Suppose 19*w - 44303 = 54*w - 437983. What are the prime factors of w?
2, 19, 37
Let g(u) = -u**3 + 9*u**2 + 54*u - 25. Let s be g(13). List the prime factors of (684/15)/(s*(-24)/(-80)).
2, 19
Let j(p) = -p**2 - 17*p + 17. Suppose -43 = -2*t + 29. Suppose -g = 2*i + 1 + t, -2*i - 2*g - 42 = 0. What are the prime factors of j(i)?
3, 11
Suppose -5 = 3*y - 5*z, 0 = -3*y - 4*z + 4. What are the prime factors of 1/((-6)/(-4776) + y)?
2, 199
Let l be (-4 - -3 - -2)/((-2)/(-6)). Let g be l + (26/8 - (-1)/(-4)). Let d(v) = 14*v - 18. What are the prime factors of d(g)?
2, 3, 11
Suppose -r + 4*d + 1 - 5 = 0, 0 = -3*d + 15. Let o = -17 + r. List the prime factors of o/((6/3)/(-18)).
3
Let w = 7 - -6. Let c be ((-4)/(5 - w))/((-2)/(-68)). Suppose -x + 56 + c = 0. What are the prime factors of x?
73
Let r(m) = 36*m**3 - 8*m**2 + 15*m - 20. What are the prime factors of r(9)?
7, 3673
Let k = 74 - -41. Let u = k + 161. What are the prime factors of u?
2, 3, 23
Suppose 13*p - 3791 = 12*p. Suppose -2*o + 1526 = -4*z, -15*o + 10*o + 2*z + p = 0. What are the prime factors of o?
757
Let k(r) = 522*r**2 - 63*r + 157. List the prime factors of k(5).
2, 11, 293
Suppose 4*o + 3*t + 60 = 0, -25*o + 28*o + t + 40 = 0. Let v(g) = -29 + 12 - 17*g + 2*g - 36. What are the prime factors of v(o)?
127
Suppose n - 23 = 5*d, n - d - 30 = -19. Suppose -n*q + 2934 = -5*q. What are the prime factors of q?
2, 3, 163
Suppose 5*w = -k + 10, -w = w - 2. Let b(v) = 12 - 20 + 6 + k - 171*v. What are the prime factors of b(-1)?
2, 3, 29
Let g(k) = -382*k + 280. What are the prime factors of g(-4)?
2, 113
Let s be (94/(-3))/(198/1485). Let t = s + 712. What are the prime factors of t?
3, 53
Suppose 4*n - 3*n - 983 = 0. Let m = 1460 - n. What are the prime factors of m?
3, 53
Suppose -17*x + 12*x = -25525. Suppose -12*a + 187 = -x. What are the prime factors of ((a/12)/7)/((-9)/(-408))?
2, 7, 17
Let b be ((-35)/70)/(2/4504). Let y = -501 - b. List the prime factors of y.
5
Suppose -4*y - 4 = -q, q = -5*y - 0*y + 4. Suppose -6*w + w + 10 = y. Suppose -3*x + 458 = 3*t - 256, -4*x - 482 = -w*t. List the prime factors of t.
239
Suppose 5*b + 904 + 665 = 2*g, -2*b + 6 = 0. List the prime factors of g.
2, 3, 11
Suppose -m + 18 = 4*m - 2*r, -17 = -3*m - 5*r. Let c(b) = 6*b**2 - 6*b + 10. Let h be c(m). Suppose 2*s - h = -g, -2 = -s - 4. List the prime factors of g.
2, 43
Suppose 597 = s - 205. Let o = 1631 - s. List the prime factors of o.
829
Let y be (-5 - -4)*-543 + (-2 - 1). Suppose 93*j - 97*j + y = 0. What are the prime factors of j?
3, 5
Let j = -15173 - -36077. What are the prime factors of j?
2, 3, 13, 67
Let n(p) = -6*p + 1. Let l be n(4). Suppose 22*h + 35*h - 2907 = 0. Let s = h + l. What are the prime factors of s?
2, 7
Let d be (6 + 0)*7*(-50)/(-70). Let a = 74 + -126. Let p = d - a. List the prime factors of p.
2, 41
Let y(x) = 548*x + 1044. List the prime factors of y(8).
2, 23, 59
Suppose 0 = -4*a + o + 652, -a - 2*o - 3*o + 142 = 0. Suppose 632 = 4*i - 4*n, a = i - 2*n - 3*n. What are the prime factors of i?
157
Let j(d) = -d**3 + 9*d**2 + 9*d + 14. Let l be j(10). Let f be (6 - 3 - 4) + l. Suppose -2*o + g = 2*g - 89, 4*o = -f*g + 179. What are the prime factors of o?
2, 11
Let v = 45 + -45. Let o be (-2 + 5 - 0) + v. Suppose -2*u = -3*x + 212, -x - 66 = -2*x + o*u. List the prime factors of x.
2, 3
Let d(b) = 7717*b**2 + 206*b - 206. List the prime factors of d(1).
7717
Let t(k) = 2*k**3 + 3*k**2 - 2*k + 1. Let j be 5 - (-2 + (-16)/(-4) - 0). Let f be t(j). Suppose 5*r - f = 5*i + 94, r = -i + 32. List the prime factors of r.
3, 11
Suppose -4*x - 6 = -3*x - 2*n, -n + 5 = 0. Suppose 128 = q + x*c, -c + 452 = -0*q + 4*q. List the prime factors of q.
2, 7
Suppose 1527 = -3*x - 3*v, 7*v = -5*x + 4*v - 2545. Let d = 1103 + x. List the prime factors of d.
2, 3, 11
Suppose -5*f + 7 = -k - 27, -2*k = 2*f - 16. Suppose -3*b + 0 = -3. Suppose f + b = 4*d, 2*w - 4*d = 100. List the prime factors of w.
2, 3
Let u(s) = 7*s**3 - 2*s**2 + s - 2. Suppose 0 = -5*l + 2*l + z + 8, 4 = 4*z. Let r be u(l). Let q = -92 + r. What are the prime factors of q?
2, 5
What are the prime factors of 8 + 695/(-30) + 15 - 287461/(-6)?
2, 3, 5, 1597
Let m be -4 + ((-3)/12)/(19/(-76)). Suppose 3*c + 7 = -5. What are the prime factors of 193 + m/(-6)*c?
191
Let c(n) = -n**3 + 32*n**2 - 19*n - 349. List the prime factors of c(29).
3, 541
Suppose -3*b = -63 + 249. Let o = b + 60. List the prime factors of (o - (-3 - 0)) + 158.
3, 53
Suppose 4*d + 24 = -0*d. Let q(w) = w**3 + 6*w**2 - 3*w - 14. Let r be q(d). Suppose -r*s = -9*s + 910. What are the prime factors of s?
2, 7, 13
Let u(s) = -37*s - 271. Let a be u(-8). Suppose a*y + 2*l = 20*y + 20, 0 = 4*y + 2*l - 16. What are the prime factors of y?
2
Let m(d) = -535*d - 37. Let b(y) = 1611*y + 112. Let n(u) = 3*b(u) + 10*m(u). What are the prime factors of n(-3)?
37, 41
Let v(i) be the second derivative of -25*i**3/2 - 2*i**2 - 15*i - 3. What are the prime factors of v(-3)?
13, 17
Let l = -3180 - -8868. List the prime factors of l.
2, 3, 79
Let x(w) = -37*w + 15. Let o be x(-7). Suppose 0 = 88*a - 90*a + 5*k + 279, a - 5*k = 127. Let y = o - a. What are the prime factors of y?
2, 61
Let v(z) = -13*z**2 + 780*z + 66. List the prime factors of v(34).
2, 5779
Suppose -3*q + 17 + 106 = 0. Let a = -39 + q. Suppose 2*x + 5*f = 198, a*f = -2*f. List the prime factors of x.
3, 11
Let k = -46 + 49. Let s(r) = 4 + k*r - 2*r - r**3 - 3. What are the prime factors of s(-2)?
7
Let g(y) = -40*y**2 - 2. Let u be g(3). Let c = 779 + u. Suppose 0 = -5*f + c - 62. What are the prime factors of f?
71
Let h(r) = r**3 + 20*r**2 + 48*r - 29. Let v be h(-17). Suppose 0 = v*k - 2648 - 4128. List the prime factors of k.
2, 7, 11
Let d be -9*42/(-45) + 18/30. Suppose -28 = -d*g + 5*g. Let x(i) = i**3 - 6*i**2 + 10*i - 3. List the prime factors of x(g).
2, 29
Suppose 48 = -4*j + 8*j. Let p(d) = 40*d + 18. List the prime factors of p(j).
2, 3, 83
Let m be -494 - 1/((-5)/(-25)). List the prime factors of (0 - m)*((-12)/(-4))/3.
499
Suppose 53476 = 13*k - 760. Suppose 0 = 18*a - 2560 - k. What are the prime factors of a?
2, 11, 17
Let t = -9932 + 44608. What are the prime factors of t?
2, 8669
Let f = 55890 - 37711. List the prime factors of f.
7, 53
What are the prime factors of (574420/(-42))/((-85)/306)?
2, 3, 